{"id":217,"date":"2021-03-30T14:52:47","date_gmt":"2021-03-30T12:52:47","guid":{"rendered":"http:\/\/www.helenschoene.com\/?page_id=217"},"modified":"2023-04-19T13:54:25","modified_gmt":"2023-04-19T11:54:25","slug":"impressum","status":"publish","type":"page","link":"http:\/\/www.helenschoene.com\/?page_id=217","title":{"rendered":"Impressum"},"content":{"rendered":"\n<div class=\"wp-block-columns is-layout-flex wp-container-core-columns-is-layout-9d6595d7 wp-block-columns-is-layout-flex\">\n<div class=\"wp-block-column is-layout-flow wp-block-column-is-layout-flow\" style=\"flex-basis:100%\">\n<h5 class=\"wp-block-heading\" style=\"line-height:0.2\">Helen Schoene<\/h5>\n\n\n\n<div class=\"wp-block-columns is-layout-flex wp-container-core-columns-is-layout-9d6595d7 wp-block-columns-is-layout-flex\">\n<div class=\"wp-block-column is-layout-flow wp-block-column-is-layout-flow\">\n<p class=\"has-extra-small-font-size\">Yoga- und Bewegungsunterricht<\/p>\n\n\n\n<p class=\"has-extra-small-font-size\" style=\"line-height:0\">Stuwerstrasse 16\/6                             <\/p>\n\n\n\n<p class=\"has-extra-small-font-size\" style=\"line-height:0\">AT-1020 Wien       <\/p>\n\n\n\n<p class=\"has-extra-small-font-size\" style=\"line-height:0\">                                                helenschoene@gmx.net    <\/p>\n\n\n\n<p class=\"has-extra-small-font-size\" style=\"line-height:0\"><\/p>\n\n\n\n<div class=\"wp-block-columns is-layout-flex wp-container-core-columns-is-layout-9d6595d7 wp-block-columns-is-layout-flex\">\n<div class=\"wp-block-column is-layout-flow wp-block-column-is-layout-flow\"><\/div>\n\n\n\n<div class=\"wp-block-column is-layout-flow wp-block-column-is-layout-flow\"><\/div>\n<\/div>\n<\/div>\n\n\n\n<div class=\"wp-block-column is-layout-flow wp-block-column-is-layout-flow\"><\/div>\n<\/div>\n<\/div>\n<\/div>\n\n\n\n<h5 class=\"wp-block-heading\">Copyright<\/h5>\n\n\n\n<p class=\"has-extra-small-font-size\">Die Urheber- und alle anderen Rechte an Inhalten, Bildern, Fotos oder anderen Dateien auf der Website geh\u00f6ren, soweit nicht anders gekennzeichnet,  ausschlie\u00dflich Helen Schoene. F\u00fcr die Reproduktion jeglicher Elemente ist die schriftliche Zustimmung der Urheberrechtstr\u00e4ger im Voraus einzuholen.<\/p>\n\n\n\n<h5 class=\"wp-block-heading\"><\/h5>\n\n\n\n<p><\/p>\n\n\n\n<p><\/p>\n","protected":false},"excerpt":{"rendered":"<p>Helen Schoene Yoga- und Bewegungsunterricht Stuwerstrasse 16\/6 AT-1020 Wien helenschoene@gmx.net Copyright Die Urheber- und alle anderen Rechte an Inhalten, Bildern, Fotos oder anderen Dateien auf der Website geh\u00f6ren, soweit nicht anders gekennzeichnet, ausschlie\u00dflich Helen Schoene. F\u00fcr die Reproduktion jeglicher Elemente ist die schriftliche Zustimmung der Urheberrechtstr\u00e4ger im Voraus einzuholen.<\/p>\n","protected":false},"author":2,"featured_media":0,"parent":0,"menu_order":5,"comment_status":"closed","ping_status":"closed","template":"","meta":{"footnotes":""},"class_list":["post-217","page","type-page","status-publish","hentry","entry"],"_links":{"self":[{"href":"http:\/\/www.helenschoene.com\/index.php?rest_route=\/wp\/v2\/pages\/217","targetHints":{"allow":["GET"]}}],"collection":[{"href":"http:\/\/www.helenschoene.com\/index.php?rest_route=\/wp\/v2\/pages"}],"about":[{"href":"http:\/\/www.helenschoene.com\/index.php?rest_route=\/wp\/v2\/types\/page"}],"author":[{"embeddable":true,"href":"http:\/\/www.helenschoene.com\/index.php?rest_route=\/wp\/v2\/users\/2"}],"replies":[{"embeddable":true,"href":"http:\/\/www.helenschoene.com\/index.php?rest_route=%2Fwp%2Fv2%2Fcomments&post=217"}],"version-history":[{"count":5,"href":"http:\/\/www.helenschoene.com\/index.php?rest_route=\/wp\/v2\/pages\/217\/revisions"}],"predecessor-version":[{"id":427,"href":"http:\/\/www.helenschoene.com\/index.php?rest_route=\/wp\/v2\/pages\/217\/revisions\/427"}],"wp:attachment":[{"href":"http:\/\/www.helenschoene.com\/index.php?rest_route=%2Fwp%2Fv2%2Fmedia&parent=217"}],"curies":[{"name":"wp","href":"https:\/\/api.w.org\/{rel}","templated":true}]}}